{"id":428,"date":"2016-05-25T08:19:57","date_gmt":"2016-05-25T07:19:57","guid":{"rendered":"http:\/\/revueexpne.cluster003.ovh.net\/?page_id=428"},"modified":"2021-01-09T10:01:57","modified_gmt":"2021-01-09T09:01:57","slug":"mentions-legales","status":"publish","type":"page","link":"https:\/\/www.revue-exposition.com\/index.php\/mentions-legales","title":{"rendered":"Cr\u00e9dits et mentions l\u00e9gales"},"content":{"rendered":"<p><em>exPosition <\/em>est une revue enti\u00e8rement num\u00e9rique \u00e0 parution annuelle, cr\u00e9\u00e9e en 2016.<\/p>\n<p><strong>Conception et suivi \u00e9ditorial du site :<\/strong><br \/>\nH\u00e9l\u00e8ne Trespeuch (<a href=\"mailto:helene.trespeuch@revue-exposition.com\">helene.trespeuch@revue-exposition.com<\/a>)<br \/>\nCaroline Tron-Carroz (<a href=\"mailto:caroline.tron-carroz@revue-exposition.com\">caroline.tron-carroz@revue-exposition.com<\/a>)<\/p>\n<p><strong>Image d&rsquo;en-t\u00eate<\/strong> : d\u00e9tail de l&rsquo;\u0153uvre de R\u00e9my Hysbergue, <em>P 1112<\/em>, 2012. Avec l&rsquo;aimable autorisation de son auteur.<\/p>\n<p><strong>ISSN num\u00e9rique<\/strong> :\u00a0 2497-2649<\/p>\n<p><strong>Fondatrice de la revue, membre du comit\u00e9 de r\u00e9daction :<\/strong><br \/>\nH\u00e9l\u00e8ne Trespeuch (<a href=\"mailto:helene.trespeuch@revue-exposition.com\">helene.trespeuch@revue-exposition.com<\/a>)<\/p>\n<p style=\"text-align: justify;\"><strong>Adresse :<\/strong><br \/>\n<em>exPosition<\/em>, 10 rue du 14 juillet, 93310 Le Pr\u00e9 Saint-Gervais<\/p>\n<p style=\"text-align: justify;\"><strong>Politique de confidentialit\u00e9 :\u00a0\u00a0\u00a0<\/strong> \u00a0\u00a0\u00a0\u00a0\u00a0\u00a0\u00a0\u00a0\u00a0\u00a0\u00a0\u00a0\u00a0\u00a0\u00a0\u00a0\u00a0\u00a0\u00a0\u00a0\u00a0\u00a0\u00a0\u00a0\u00a0\u00a0\u00a0\u00a0\u00a0\u00a0\u00a0\u00a0\u00a0\u00a0\u00a0\u00a0\u00a0\u00a0\u00a0\u00a0 \u00a0 \u00a0 \u00a0 \u00a0 \u00a0 \u00a0 \u00a0 \u00a0 \u00a0 \u00a0 \u00a0 \u00a0 \u00a0 \u00a0 \u00a0 \u00a0\u00a0 \u00a0\u00a0\u00a0\u00a0\u00a0\u00a0\u00a0\u00a0\u00a0\u00a0\u00a0\u00a0\u00a0\u00a0\u00a0\u00a0\u00a0\u00a0\u00a0\u00a0\u00a0\u00a0\u00a0\u00a0\u00a0\u00a0\u00a0\u00a0\u00a0\u00a0\u00a0\u00a0\u00a0\u00a0\u00a0\u00a0\u00a0\u00a0\u00a0\u00a0\u00a0 Si vous laissez un commentaire sur notre site, les donn\u00e9es inscrites dans le formulaire de commentaire, mais aussi votre adresse IP et l\u2019agent utilisateur de votre navigateur sont collect\u00e9s pour nous aider \u00e0 la d\u00e9tection des commentaires ind\u00e9sirables.<\/p>\n<p style=\"text-align: justify;\">Une cha\u00eene anonymis\u00e9e cr\u00e9\u00e9e \u00e0 partir de votre adresse e-mail (\u00e9galement appel\u00e9e hash) peut \u00eatre envoy\u00e9e au service Gravatar pour v\u00e9rifier si vous utilisez ce dernier. Les clauses de confidentialit\u00e9 du service Gravatar sont disponibles ici : https:\/\/automattic.com\/privacy\/.<\/p>\n<p style=\"text-align: justify;\">Si vous vous rendez sur la page de connexion, un cookie temporaire sera cr\u00e9\u00e9 afin de d\u00e9terminer si votre navigateur accepte les cookies. Il ne contient pas de donn\u00e9es personnelles et sera supprim\u00e9 automatiquement \u00e0 la fermeture de votre navigateur.<\/p>\n<p style=\"text-align: justify;\">Lorsque vous vous connecterez, nous mettrons en place un certain nombre de cookies pour enregistrer vos informations de connexion et vos pr\u00e9f\u00e9rences d\u2019\u00e9cran. La dur\u00e9e de vie d\u2019un cookie de connexion est de deux jours, celle d\u2019un cookie d\u2019option d\u2019\u00e9cran est d\u2019un an. Si vous cochez \u00ab Se souvenir de moi \u00bb, votre cookie de connexion sera conserv\u00e9 pendant deux semaines. Si vous vous d\u00e9connectez de votre compte, le cookie de connexion sera effac\u00e9.<\/p>\n<p style=\"text-align: justify;\">Si vous laissez un commentaire, le commentaire et ses m\u00e9tadonn\u00e9es sont conserv\u00e9s ind\u00e9finiment.<\/p>\n<p style=\"text-align: justify;\">Si vous vous inscrivez \u00e0 la newsletter, les donn\u00e9es personnelles indiqu\u00e9es (nom, pr\u00e9nom et adresse mail) ne sont conserv\u00e9es que si vous avez finalis\u00e9 votre demande apr\u00e8s r\u00e9ception du mail de confirmation d&rsquo;inscription. Si vous souhaitez supprimer votre abonnement \u00e0 la newsletter, il faut suffit d&rsquo;en faire la demande en envoyant un message \u00e0 contact@revue-exposition.com ou de cliquer sur \u00ab\u00a0Se d\u00e9sinscrire\u00a0\u00bb qui figure en bas de chaque newsletter.<\/p>\n<p>&nbsp;<\/p>\n","protected":false},"excerpt":{"rendered":"<p>exPosition est une revue enti\u00e8rement num\u00e9rique \u00e0 parution annuelle, cr\u00e9\u00e9e en 2016. Conception et suivi \u00e9ditorial du site : H\u00e9l\u00e8ne Trespeuch (helene.trespeuch@revue-exposition.com) Caroline Tron-Carroz (caroline.tron-carroz@revue-exposition.com) Image d&rsquo;en-t\u00eate : d\u00e9tail de l&rsquo;\u0153uvre de R\u00e9my Hysbergue, P 1112, 2012. Avec l&rsquo;aimable autorisation de son auteur. ISSN num\u00e9rique :\u00a0 2497-2649 Fondatrice de la revue, membre du comit\u00e9 de &hellip; <a href=\"https:\/\/www.revue-exposition.com\/index.php\/mentions-legales\" class=\"more-link\">Continuer la lecture<span class=\"screen-reader-text\"> de &laquo;&nbsp;Cr\u00e9dits et mentions l\u00e9gales&nbsp;&raquo;<\/span><\/a><\/p>\n","protected":false},"author":1,"featured_media":0,"parent":0,"menu_order":0,"comment_status":"closed","ping_status":"closed","template":"","meta":{"jetpack_post_was_ever_published":false,"footnotes":""},"class_list":["post-428","page","type-page","status-publish","hentry"],"yoast_head":"<!-- This site is optimized with the Yoast SEO plugin v27.0 - https:\/\/yoast.com\/product\/yoast-seo-wordpress\/ -->\n<title>Cr\u00e9dits et mentions l\u00e9gales - exPosition<\/title>\n<meta name=\"robots\" content=\"index, follow, max-snippet:-1, max-image-preview:large, max-video-preview:-1\" \/>\n<link rel=\"canonical\" href=\"https:\/\/www.revue-exposition.com\/index.php\/mentions-legales\" \/>\n<meta property=\"og:locale\" content=\"fr_FR\" \/>\n<meta property=\"og:type\" content=\"article\" \/>\n<meta property=\"og:title\" content=\"Cr\u00e9dits et mentions l\u00e9gales - exPosition\" \/>\n<meta property=\"og:description\" content=\"exPosition est une revue enti\u00e8rement num\u00e9rique \u00e0 parution annuelle, cr\u00e9\u00e9e en 2016. Conception et suivi \u00e9ditorial du site : H\u00e9l\u00e8ne Trespeuch (helene.trespeuch@revue-exposition.com) Caroline Tron-Carroz (caroline.tron-carroz@revue-exposition.com) Image d&rsquo;en-t\u00eate : d\u00e9tail de l&rsquo;\u0153uvre de R\u00e9my Hysbergue, P 1112, 2012. Avec l&rsquo;aimable autorisation de son auteur. ISSN num\u00e9rique :\u00a0 2497-2649 Fondatrice de la revue, membre du comit\u00e9 de &hellip; Continuer la lecture de &laquo;&nbsp;Cr\u00e9dits et mentions l\u00e9gales&nbsp;&raquo;\" \/>\n<meta property=\"og:url\" content=\"https:\/\/www.revue-exposition.com\/index.php\/mentions-legales\" \/>\n<meta property=\"og:site_name\" content=\"exPosition\" \/>\n<meta property=\"article:modified_time\" content=\"2021-01-09T09:01:57+00:00\" \/>\n<meta name=\"twitter:card\" content=\"summary_large_image\" \/>\n<meta name=\"twitter:label1\" content=\"Dur\u00e9e de lecture estim\u00e9e\" \/>\n\t<meta name=\"twitter:data1\" content=\"2 minutes\" \/>\n<script type=\"application\/ld+json\" class=\"yoast-schema-graph\">{\"@context\":\"https:\/\/schema.org\",\"@graph\":[{\"@type\":\"WebPage\",\"@id\":\"https:\/\/www.revue-exposition.com\/index.php\/mentions-legales\",\"url\":\"https:\/\/www.revue-exposition.com\/index.php\/mentions-legales\",\"name\":\"Cr\u00e9dits et mentions l\u00e9gales - exPosition\",\"isPartOf\":{\"@id\":\"https:\/\/www.revue-exposition.com\/#website\"},\"datePublished\":\"2016-05-25T07:19:57+00:00\",\"dateModified\":\"2021-01-09T09:01:57+00:00\",\"breadcrumb\":{\"@id\":\"https:\/\/www.revue-exposition.com\/index.php\/mentions-legales#breadcrumb\"},\"inLanguage\":\"fr-FR\",\"potentialAction\":[{\"@type\":\"ReadAction\",\"target\":[\"https:\/\/www.revue-exposition.com\/index.php\/mentions-legales\"]}]},{\"@type\":\"BreadcrumbList\",\"@id\":\"https:\/\/www.revue-exposition.com\/index.php\/mentions-legales#breadcrumb\",\"itemListElement\":[{\"@type\":\"ListItem\",\"position\":1,\"name\":\"Accueil\",\"item\":\"https:\/\/www.revue-exposition.com\/\"},{\"@type\":\"ListItem\",\"position\":2,\"name\":\"Cr\u00e9dits et mentions l\u00e9gales\"}]},{\"@type\":\"WebSite\",\"@id\":\"https:\/\/www.revue-exposition.com\/#website\",\"url\":\"https:\/\/www.revue-exposition.com\/\",\"name\":\"exPosition\",\"description\":\"Revue d&#039;analyse des enjeux propres \u00e0 l&#039;exposition des \u0153uvres et objets d&#039;art\",\"publisher\":{\"@id\":\"https:\/\/www.revue-exposition.com\/#organization\"},\"potentialAction\":[{\"@type\":\"SearchAction\",\"target\":{\"@type\":\"EntryPoint\",\"urlTemplate\":\"https:\/\/www.revue-exposition.com\/?s={search_term_string}\"},\"query-input\":{\"@type\":\"PropertyValueSpecification\",\"valueRequired\":true,\"valueName\":\"search_term_string\"}}],\"inLanguage\":\"fr-FR\"},{\"@type\":\"Organization\",\"@id\":\"https:\/\/www.revue-exposition.com\/#organization\",\"name\":\"exPosition\",\"url\":\"https:\/\/www.revue-exposition.com\/\",\"logo\":{\"@type\":\"ImageObject\",\"inLanguage\":\"fr-FR\",\"@id\":\"https:\/\/www.revue-exposition.com\/#\/schema\/logo\/image\/\",\"url\":\"https:\/\/i2.wp.com\/www.revue-exposition.com\/wp-content\/uploads\/2016\/06\/cropped-logo-rond-noir.jpg?fit=512%2C512\",\"contentUrl\":\"https:\/\/i2.wp.com\/www.revue-exposition.com\/wp-content\/uploads\/2016\/06\/cropped-logo-rond-noir.jpg?fit=512%2C512\",\"width\":512,\"height\":512,\"caption\":\"exPosition\"},\"image\":{\"@id\":\"https:\/\/www.revue-exposition.com\/#\/schema\/logo\/image\/\"}}]}<\/script>\n<!-- \/ Yoast SEO plugin. -->","yoast_head_json":{"title":"Cr\u00e9dits et mentions l\u00e9gales - exPosition","robots":{"index":"index","follow":"follow","max-snippet":"max-snippet:-1","max-image-preview":"max-image-preview:large","max-video-preview":"max-video-preview:-1"},"canonical":"https:\/\/www.revue-exposition.com\/index.php\/mentions-legales","og_locale":"fr_FR","og_type":"article","og_title":"Cr\u00e9dits et mentions l\u00e9gales - exPosition","og_description":"exPosition est une revue enti\u00e8rement num\u00e9rique \u00e0 parution annuelle, cr\u00e9\u00e9e en 2016. Conception et suivi \u00e9ditorial du site : H\u00e9l\u00e8ne Trespeuch (helene.trespeuch@revue-exposition.com) Caroline Tron-Carroz (caroline.tron-carroz@revue-exposition.com) Image d&rsquo;en-t\u00eate : d\u00e9tail de l&rsquo;\u0153uvre de R\u00e9my Hysbergue, P 1112, 2012. Avec l&rsquo;aimable autorisation de son auteur. ISSN num\u00e9rique :\u00a0 2497-2649 Fondatrice de la revue, membre du comit\u00e9 de &hellip; Continuer la lecture de &laquo;&nbsp;Cr\u00e9dits et mentions l\u00e9gales&nbsp;&raquo;","og_url":"https:\/\/www.revue-exposition.com\/index.php\/mentions-legales","og_site_name":"exPosition","article_modified_time":"2021-01-09T09:01:57+00:00","twitter_card":"summary_large_image","twitter_misc":{"Dur\u00e9e de lecture estim\u00e9e":"2 minutes"},"schema":{"@context":"https:\/\/schema.org","@graph":[{"@type":"WebPage","@id":"https:\/\/www.revue-exposition.com\/index.php\/mentions-legales","url":"https:\/\/www.revue-exposition.com\/index.php\/mentions-legales","name":"Cr\u00e9dits et mentions l\u00e9gales - exPosition","isPartOf":{"@id":"https:\/\/www.revue-exposition.com\/#website"},"datePublished":"2016-05-25T07:19:57+00:00","dateModified":"2021-01-09T09:01:57+00:00","breadcrumb":{"@id":"https:\/\/www.revue-exposition.com\/index.php\/mentions-legales#breadcrumb"},"inLanguage":"fr-FR","potentialAction":[{"@type":"ReadAction","target":["https:\/\/www.revue-exposition.com\/index.php\/mentions-legales"]}]},{"@type":"BreadcrumbList","@id":"https:\/\/www.revue-exposition.com\/index.php\/mentions-legales#breadcrumb","itemListElement":[{"@type":"ListItem","position":1,"name":"Accueil","item":"https:\/\/www.revue-exposition.com\/"},{"@type":"ListItem","position":2,"name":"Cr\u00e9dits et mentions l\u00e9gales"}]},{"@type":"WebSite","@id":"https:\/\/www.revue-exposition.com\/#website","url":"https:\/\/www.revue-exposition.com\/","name":"exPosition","description":"Revue d&#039;analyse des enjeux propres \u00e0 l&#039;exposition des \u0153uvres et objets d&#039;art","publisher":{"@id":"https:\/\/www.revue-exposition.com\/#organization"},"potentialAction":[{"@type":"SearchAction","target":{"@type":"EntryPoint","urlTemplate":"https:\/\/www.revue-exposition.com\/?s={search_term_string}"},"query-input":{"@type":"PropertyValueSpecification","valueRequired":true,"valueName":"search_term_string"}}],"inLanguage":"fr-FR"},{"@type":"Organization","@id":"https:\/\/www.revue-exposition.com\/#organization","name":"exPosition","url":"https:\/\/www.revue-exposition.com\/","logo":{"@type":"ImageObject","inLanguage":"fr-FR","@id":"https:\/\/www.revue-exposition.com\/#\/schema\/logo\/image\/","url":"https:\/\/i2.wp.com\/www.revue-exposition.com\/wp-content\/uploads\/2016\/06\/cropped-logo-rond-noir.jpg?fit=512%2C512","contentUrl":"https:\/\/i2.wp.com\/www.revue-exposition.com\/wp-content\/uploads\/2016\/06\/cropped-logo-rond-noir.jpg?fit=512%2C512","width":512,"height":512,"caption":"exPosition"},"image":{"@id":"https:\/\/www.revue-exposition.com\/#\/schema\/logo\/image\/"}}]}},"jetpack_sharing_enabled":true,"jetpack_shortlink":"https:\/\/wp.me\/P7FaMB-6U","_links":{"self":[{"href":"https:\/\/www.revue-exposition.com\/index.php\/wp-json\/wp\/v2\/pages\/428","targetHints":{"allow":["GET"]}}],"collection":[{"href":"https:\/\/www.revue-exposition.com\/index.php\/wp-json\/wp\/v2\/pages"}],"about":[{"href":"https:\/\/www.revue-exposition.com\/index.php\/wp-json\/wp\/v2\/types\/page"}],"author":[{"embeddable":true,"href":"https:\/\/www.revue-exposition.com\/index.php\/wp-json\/wp\/v2\/users\/1"}],"replies":[{"embeddable":true,"href":"https:\/\/www.revue-exposition.com\/index.php\/wp-json\/wp\/v2\/comments?post=428"}],"version-history":[{"count":28,"href":"https:\/\/www.revue-exposition.com\/index.php\/wp-json\/wp\/v2\/pages\/428\/revisions"}],"predecessor-version":[{"id":1693,"href":"https:\/\/www.revue-exposition.com\/index.php\/wp-json\/wp\/v2\/pages\/428\/revisions\/1693"}],"wp:attachment":[{"href":"https:\/\/www.revue-exposition.com\/index.php\/wp-json\/wp\/v2\/media?parent=428"}],"curies":[{"name":"wp","href":"https:\/\/api.w.org\/{rel}","templated":true}]}}